(3 - 6)*19*k prime?
False
Suppose 6*h + 12 = 3*x + 5*h, -5*h + 15 = 0. Let t be 1876/x + 2/(-10). Let i = t + -118. Is i a prime number?
True
Let q = -31 - -68. Is q/(-2)*(-2 + -12) prime?
False
Let x(l) be the second derivative of 291*l**5/20 + l**4/12 + l**3/2 - 5*l**2/2 - 23*l. Is x(2) a composite number?
False
Let d(g) be the second derivative of g**5/10 - 13*g**4/12 + 2*g**3 - 2*g**2 + 35*g. Is d(9) a composite number?
False
Let f = 142 + 73. Suppose 0 = -c + 104 + f. Is c a composite number?
True
Suppose -4*a - 30 = -5*v, 2*v - 6*v + 2*a + 24 = 0. Let z(r) = 1 + 2 - 30*r + v. Is z(-8) composite?
True
Suppose -5*f - 2*k = 3*k - 365815, 8 = -4*k. Is f a prime number?
False
Let v(a) = a**2 - 23*a - 128. Let w be v(28). Let j be 6176/10 + (-4)/(-10). Is j/9 - (-4)/w a composite number?
True
Let a be 3/(-1)*20/12. Let s be (-11)/a + 1/(-5). Suppose 0 = 3*k - s*o - 71, -o + 96 = 4*k - 4*o. Is k a prime number?
False
Let j(u) = -u**3 - 17*u**2 + 7*u - 11. Let l be j(-18). Let w be (1/(-3))/((-1)/(-3)). Is l - (0 + w - -1) composite?
True
Let z(w) = -w + 7 + 22 + 34. Let r be z(0). Suppose -211 + r = -4*b. Is b composite?
False
Suppose 17*o - 18*o = 0. Is 40 + (-1)/(1 + o) a composite number?
True
Suppose 6*a + 3*m = 3*a + 12, 3*a - 2*m = -8. Suppose -3*c + 928 + 977 = a. Is c a composite number?
True
Let z(p) = -6 + p - 4*p**2 + 3*p**2 + 5 + 3*p**3 + 2*p**3. Is z(4) prime?
True
Let o = 61 + -59. Suppose -3*b + 0*f = -o*f - 1011, -4*f = 0. Is b a prime number?
True
Is (73841/246)/((-1)/(-6)) a prime number?
True
Let y be (39/(-9))/(7/42). Let p = y + 10. Let b(u) = -u**2 - 20*u - 5. Is b(p) a composite number?
False
Let f = 34 - 37. Let i be 2 - (-2 + -1 - f). Suppose 127 = i*b - 139. Is b composite?
True
Let p = 39 - 42. Is (p + (-20)/(-8))*-934 a composite number?
False
Suppose 0 = 2*c - 0*c + 8. Let r(q) = -101*q - 13. Is r(c) a composite number?
True
Suppose -65*x + 1863837 = 280502. Is x composite?
False
Let z(n) be the third derivative of -n**6/120 + 11*n**5/30 + 7*n**4/8 + 25*n**3/6 + 17*n**2. Is z(22) a prime number?
True
Let x(p) = 58*p + 7. Suppose 0 = -3*i - 3*d - 60, 0 = -3*i - 0*d - 2*d - 59. Let f be (1 + i)*(-5)/15. Is x(f) a composite number?
True
Suppose 29876 = -53*h + 81*h. Is h a composite number?
True
Let g = -17780 - -29437. Is g a prime number?
True
Let r(b) = 5*b**2 + 3 + 6 + 5*b**2 - 14. Suppose 5*q = -17 - 3. Is r(q) a prime number?
False
Let g(c) be the second derivative of -c**3/6 + c**2 + 7*c. Let v be g(-3). Suppose 0 = o + v*q + 25 - 7, -3*q = -5*o + 50. Is o prime?
True
Is 4 - (-1248 - (1 + 1 - 1)) prime?
False
Let b(x) = 2*x**2 + 4*x + 6683. Is b(0) composite?
True
Suppose -6*a = -590 - 184. Suppose k - 4 = 0, -2*i - 19 + a = -5*k. Is i prime?
False
Let l be (209 - (-52)/(-4))*27/12. Let v(i) = 29*i**3 - i**2 - 2*i. Let b be v(2). Let t = l - b. Is t composite?
True
Let y = -1047 - -1516. Is y prime?
False
Suppose 0 = -k - 33 + 480. Suppose 0*r + r - k = 0. Is r a prime number?
False
Let t = -383 + 39469. Is t a composite number?
True
Let p(r) be the third derivative of 0 - 1/6*r**3 + 5/3*r**4 + 0*r - r**2. Is p(2) prime?
True
Suppose -11*x + 7506 = -1591. Let c = x - 378. Is c a composite number?
False
Let o(u) = 31*u + 61*u - 24 + 11*u. Is o(11) a composite number?
False
Let n = 3873 + 1754. Is n a prime number?
False
Suppose 0 = 5*n - 4*n - 247. Let c = 150 + n. Is c prime?
True
Let q = 176 + -163. Is q a composite number?
False
Let h(o) = -21*o + 7. Let j(f) = -10*f + 3. Let r(p) = -6*h(p) + 11*j(p). Is r(8) a composite number?
True
Let l be (-10)/(((-2)/(-3))/1). Let s = l + 32. Let u = 4 + s. Is u composite?
True
Suppose -u + 4*n - 3 = 0, 4*u - u = 5*n - 16. Is -1641*(3/(-2 + u))/1 prime?
True
Let i(z) = -z**3 - 12*z**2 + 12*z - 45. Is i(-16) a prime number?
True
Let f = -345 + 1173. Let j = -535 + f. Is j a prime number?
True
Let i be -3*2/4*-2. Suppose 0 = -u + i + 1. Is 23/u - 3/(-12) a prime number?
False
Let o be 7 + -3 + 3 + -3. Suppose -44 = -3*g + 4*q, 3*g - 12 = 4*g + o*q. Is 4/g*7*22 a prime number?
False
Suppose -c + 3*p = 0, 5*c - 2*p = -6*p. Suppose 0 = 2*h - 4*w + 26 - 92, c = 3*h - 2*w - 91. Let y = 17 + h. Is y prime?
False
Suppose -1 = 31*d - 30*d. Let h(u) = u**3. Let a(k) = 341*k**3 - k. Let b(x) = -a(x) + 5*h(x). Is b(d) a prime number?
False
Suppose 0 = 114*b - 101*b - 30238. Is b composite?
True
Suppose 6*d - 4*d - 9157 = -3*r, -18312 = -4*d - 4*r. Is d a prime number?
False
Let s(b) = 314*b**2 - 4*b + 5. Let g(c) = 2*c**2 + 4*c + 4. Let f be g(-1). Is s(f) a prime number?
False
Let a be 2/8 - (-121)/44. Let j(u) = 2 - 2 + 130*u - 1. Is j(a) prime?
True
Suppose -4*j + 268 = -684. Suppose 0 = -c - 29 + j. Is c a prime number?
False
Let f be (-390)/(-25) + (-2)/(-5). Let x be 10/30*(45 - 0). Let o = f + x. Is o a composite number?
False
Let d(j) = 893*j**3 - j**2 + j - 2. Let f be d(2). Let x = -4987 + f. Is x a prime number?
True
Let o = 36235 + -9614. Is o prime?
False
Suppose -37*m + 3547719 = 44*m. Is m prime?
False
Let y be -1 + (2 - 2) + -2. Let z(s) be the first derivative of s**3/3 + 4*s - 24. Is z(y) a prime number?
True
Let r = -595 - -1133. Is r a prime number?
False
Suppose 0 = -6*i + 56178 + 7644. Is i a prime number?
False
Suppose 507 = y + 4*j, j + 12 = 17. Is y a prime number?
True
Suppose 6288 = 3*o + 2*u - 4013, 10300 = 3*o + u. Is o a composite number?
False
Suppose -6*a + 7*a - 8*z = 6459, 6479 = a - 3*z. Is a prime?
True
Let x = 22027 + 16962. Is x composite?
True
Let d(s) = 5*s**2 - 38*s - 11. Is d(-8) prime?
True
Suppose 3*z + t - 84247 = 0, -z = 2*z + 4*t - 84259. Is z a composite number?
False
Suppose 3 = -t - 3*f, 6*t + f = 4*t + 9. Let d be 0 + 6 + (-2 - 0). Is 6/d*844/t a composite number?
False
Suppose -2 = -v + 3. Suppose 282 = 21*i - 705. Suppose -v*z + 158 + i = 5*g, 5*z - 3*g = 245. Is z a composite number?
True
Suppose 11 - 1 = 2*o, 5*t + 4*o = 65. Suppose -t*c + 6*c = -1941. Is c prime?
True
Let d(f) = 56*f**3 + 6*f**2 + 13*f + 47. Is d(10) a prime number?
False
Let u(x) = x - 5. Let h be u(7). Suppose 3*f + 14 = -0*f + h*w, 0 = 4*f + 2*w. Is (44/f)/(20/(-130)) a prime number?
False
Let x = 490 + -239. Is x a composite number?
False
Let o = 1538 - -235. Is (6/10)/3*(o + 22) a prime number?
True
Suppose 18 = 4*y - 2. Suppose 4*u = y*k - 3*k + 38, -2*u + 21 = -3*k. Suppose -u*q = -5*q - 652. Is q prime?
True
Is 13*-1828*(-5 - (-152)/32) a prime number?
False
Suppose -23*b + 17588 = -16245. Is b composite?
False
Let y(j) = -22*j + 6*j + j**2 + 6*j - 4*j - 12. Let t be y(15). Suppose 5*z + 800 = 6*z + t*v, 5*z - 5*v = 3900. Is z prime?
False
Let u = 28 + -24. Suppose 4*l + 1640 = 4*p, u*l = -2*p - 0*l + 808. Let d = -223 + p. Is d a composite number?
True
Suppose 3384 = 2*u - 5*q - 10009, -4*u + 26744 = 4*q. Is u a prime number?
True
Let p(c) = -8*c - 304. Let y be p(-19). Suppose 2*l = 5*m + 140, -l = -5*l - 5*m + 250. Let v = l - y. Is v prime?
False
Let z = 456 + -245. Is z composite?
False
Let k be (14 + -14)*(-2)/(-6). Suppose -z - 1 = -2*z, 4*t - z - 579 = k. Is t a prime number?
False
Let s be (-1344)/12 - (-4)/2. Is 2/11 + 6*(-28285)/s a prime number?
True
Suppose 4246 = 3*r - b, -19*r - b = -21*r + 2831. Is r prime?
False
Suppose 2*r - 9191 = -5*d, -5*r = 3*d - 27314 + 4384. Is r prime?
True
Let p(m) = 3*m**3 - 21*m**2 - 14*m + 1. Is p(13) composite?
False
Suppose 855819 = 9*y + 309006. Is y composite?
False
Is 2/2*(-2 - -5433) composite?
False
Let c(u) be the second derivative of 14*u**3/3 - u**2/2 - 8*u. Let o(a) = -a**3 + 3*a**2 - a + 1. Let v be o(2). Is c(v) a composite number?
False
Suppose -s = -0*s - 3, 0 = -3*m + 3*s - 48. Let d = 19 + m. Suppose q + 4*o - 19 = d*o, -4*o + 12 = 0. Is q a prime number?
False
Let y = 13 - 16. Let a be (-1)/((-1)/3) + y. Suppose a = -2*n - h + 257, -4*h = n + h - 106. Is n a composite number?
False
Is (-25 - -28)/((-3)/(-25021)) prime?
False
Let t(a) be the second derivative of a**5/20 - 7*a**4/12 + 3*a**3/2 - 11*a**2/2 + 8*a. Let n be t(6). Is 21375/35 - (-2)/n composite?
True
Is 15 + (-30 - -19) + (1 - -204616) a prime number?
False
Let g = 4334 - 2331. Is g a prime number?
True
Is 5 + ((-6)/15 - 68136/(-15)) a prime number?
True
Let u(g) = 560*g**3 - 3*g + 2. Let m(y) = y**3 + 12*y**2 - y - 11. Let h 